at is 14311506 - 32?
14311444
In base 2, what is -1100110110000 + -110000011100010?
-111101010010010
In base 13, what is 1233b + 79?
123b7
In base 13, what is 237a3a + -1?
237a39
In base 9, what is 627 + -42156?
-41428
In base 9, what is 1667350 - -15?
1667365
In base 8, what is 271023750 - -4?
271023754
In base 3, what is 2021110221202011 - -10?
2021110221202021
In base 15, what is e594b6 - -5?
e594bb
In base 13, what is -148346 + 11?
-148335
In base 12, what is -4 - 300230b3?
-300230b7
In base 13, what is 98c + 1987c?
1a53b
In base 16, what is 3 - 107e7ad?
-107e7aa
In base 7, what is -202 - -261436400?
261436165
In base 4, what is 11 - 12013301120222?
-12013301120211
In base 10, what is 3101 + 1986?
5087
In base 11, what is 170 + 81344?
81504
In base 12, what is 609044 - 155?
608aab
In base 7, what is 3 - 145201146?
-145201143
In base 16, what is -c8bb + -55a?
-ce15
In base 3, what is 110111020 + 1111200?
111222220
In base 15, what is 0 - -8183e?
8183e
In base 9, what is -3202 + -12482?
-15684
In base 2, what is 111000001011010110111 - 110?
111000001011010110001
In base 12, what is -2 - 1340355?
-1340357
In base 12, what is -1a0219 + b8a?
-19b24b
In base 12, what is -479a851 - -2?
-479a84b
In base 12, what is 28a55 - -10a0?
29b35
In base 15, what is 9cd99b4 + 2?
9cd99b6
In base 11, what is 303650 - -210?
303860
In base 11, what is 20513 + 2628?
23040
In base 6, what is -35010 + -332?
-35342
In base 10, what is -5682940 + -2?
-5682942
In base 8, what is -1021234661 + -4?
-1021234665
In base 6, what is -5 - 11021034253?
-11021034302
In base 7, what is 212421 - 103256?
106132
In base 13, what is 1 - -410bb51?
410bb52
In base 5, what is 3441110 - -20313?
4011423
In base 13, what is -14876993 + 4?
-1487698c
In base 13, what is 2801 - -1380?
3b81
In base 3, what is 1010002101 + -11211122?
221020202
In base 5, what is -13401 + -4430330?
-4444231
In base 10, what is -5000653 - 16?
-5000669
In base 3, what is 11121221 - -22120222?
111012220
In base 4, what is 20012013002 + -120?
20012012222
In base 4, what is -11 + 3123200100?
3123200023
In base 11, what is 1a5 - 546a?
-5275
In base 8, what is -205157560 + 2?
-205157556
In base 9, what is 448 - 7055?
-6506
In base 14, what is -a - 6bcdc?
-6bd08
In base 3, what is 10 - -1020020011202111?
1020020011202121
In base 16, what is -3 - -12e0ee?
12e0eb
In base 11, what is 393 + 41301?
41694
In base 16, what is 61a1 + 1be0?
7d81
In base 11, what is 2 - -57a282?
57a284
In base 4, what is 0 + 13101112212?
13101112212
In base 7, what is 1 + -6002150?
-6002146
In base 15, what is -2 - 5a29a?
-5a29c
In base 14, what is -1a + 2d4c638?
2d4c61c
In base 5, what is -2334 - 322133?
-330022
In base 15, what is 4 + 178e791?
178e795
In base 4, what is 1102221 - 10321211?
-3212330
In base 2, what is -11 + 10011100100111?
10011100100100
In base 8, what is -27650 + 15335?
-12313
In base 6, what is 4405302511 + 10?
4405302521
In base 11, what is -2 + -59235a?
-592361
In base 12, what is 244 - -2176a3?
217927
In base 7, what is -10 + -14160341?
-14160351
In base 7, what is -2165436550 + 4?
-2165436543
In base 13, what is -887320 + ac?
-887241
In base 14, what is -4a - -44572?
44526
In base 10, what is -3 + -236066113?
-236066116
In base 5, what is -23043431233 + -34?
-23043431322
In base 15, what is -1e0 + 30b3?
2dc3
In base 9, what is -14036283 + 24?
-14036258
In base 13, what is -a + -8082a4?
-8082b1
In base 2, what is 1000111100101111110111 + -10110?
1000111100101111100001
In base 12, what is b7983a5 + -2?
b7983a3
In base 15, what is 21e23 + 7cd?
22701
In base 9, what is 6605 + 2038?
8644
In base 11, what is 276 - -266536?
266801
In base 16, what is -1d81d + -289?
-1daa6
In base 14, what is -2baa + -5c8?
-3394
In base 14, what is 34 - 339d2?
-3399c
In base 7, what is 5 - -225456?
225464
In base 5, what is 2324 + 3340141?
3343020
In base 3, what is -200101200 + -20112?
-200122012
In base 2, what is -100 - -10010101100010000010111?
10010101100010000010011
In base 12, what is 2517 + 74292?
767a9
In base 10, what is -2 - -1288177?
1288175
In base 14, what is -2b410 + -1261?
-2c671
In base 5, what is 1213243340 + -2?
1213243333
In base 4, what is -113212 + 302001?
122123
In base 12, what is 4534112 + 0?
4534112
In base 13, what is 2cba2a + -145?
2cb8b5
In base 10, what is -149145314 + 0?
-149145314
In base 13, what is -1 + 260c3b4?
260c3b3
In base 16, what is 6 + -a9bc460?
-a9bc45a
In base 2, what is -110100001010011000 + 10011001?
-110100000111111111
In base 6, what is -2102 + 534032?
531530
In base 2, what is -1000001011101100001101011 - -1?
-1000001011101100001101010
In base 9, what is -3 - -17224531?
17224527
In base 3, what is 10022 + -1021101210200?
-1021101200101
In base 11, what is -602 - 513a3?
-519a5
In base 9, what is -3 + 134200454?
134200451
In base 4, what is 20 + 311220100313?
311220100333
In base 2, what is 100 + -1010000100000011101010001?
-1010000100000011101001101
In base 12, what is -133 + -700b18?
-70104b
In base 11, what is a533a - 535?
a4905
In base 11, what is 7215020 - 7?
7215014
In base 8, what is 13545247 - -1?
13545250
In base 3, what is 211002011212000 - -22?
211002011212022
In base 13, what is 221 + -37017?
-36ac6
In base 13, what is 22c9 - 2441?
-145
In base 7, what is 14022045544 - -2?
14022045546
In base 4, what is -1001010003 + -2?
-1001010011
In base 13, what is 1688 + -102702?
-101047
In base 7, what is -2 - 20650216?
-20650221
In base 6, what is -42021352 - -13?
-42021335
In base 2, what is 10101 + -1111011011011100?
-1111011011000111
In base 9, what is -18411880 - -30?
-18411850
In base 12, what is -154b - -66b?
-aa0
In base 13, what is -5831b + 0?
-5831b
In base 7, what is -1161533416 + 4?
-1161533412
In base 11, what is -5a02 + -422?
-6324
In base 6, what is 12305441 - 2533?
12302504
In base 13, what is -3c671c25 - -4?
-3c671c21
In base 12, what is 140 - -b828?
b968
In base 6, what is -33025422 - 410?
-33030232
In base 9, what is 235 - -120264?
120510
In base 6, what is -1 + 415513410?
415513405
In base 15, what is -9d68 - -b02?
-9266
In base 7, what is -2353135156 - 0?
-2353135156
In base 2, what is -1000001 + 1100111000011111000?
1100111000010110111
In base 3, what is 10201100112202 + 1102?
10201100121011
In base 16, what is -3 + -9829db?
-9829de
In base 10, what is -617 + -14441?
-15058
In base 11, what is 45 - 459aa49?
-459aa04
In base 10, what is 1231 + 4175?
5406
In base 16, what is f06 - d9e?
168
In base 10, what is 16547 + -3091?
13456
In base 15, what is d + -d8c43d?
-d8c430
In base 13, what is -40a40a + 18?
-40a3c2
In base 13, what is 5 - -6611345?
661134a
In base 7, what is 10 + -3333103062?
-3333103052
In base 13, what is -5bbca0 - -5b?
-5bbc42
In base 12, what is 3 + 16891a63?
16891a66
In base 7, what is 4 - -4256612314?
4256612321
In base 13, what is -a6a362b0 - 2?
-a6a362b2
In base 8, what is -2 - -71605113?
71605111
In base 14, what is -25dba26 - -2?
-25dba24
In base 4, what is -2 + -10200122213?
-10200122221
In base 16, what is -5f90a0 - 5a?
-5f90fa
In base 11, what is 420 - 19a77?
-19657
In base 3, what is 12120122 - 101201221?
-12011022
In base 10, what is 2927507 - -2?
2927509
In base 4, what is 12222 + -1130113222?
-1130101000
In base 16, what is -1 + -19e1d2b?
-19e1d2c
In base 8, what is 2 + 35471061?
35471063
In base 9, what is 173762 + -252?
173510
In base 9, what is -50037781 - -14?
-50037766
In base 13, what is 6 - -168865a2?
168865a8
In base 2, what is -1010101101111 + -10110001100?
-1101011111011
In base 13, what is -6 - -5876cc?
5876c6
In base 8, what is -377016 + -160?
-377176
In base 11, what is -6a28 + -292?
-720a
In base 3, what is -1001120112210 - -110?
-1001120112100
In base 4, what is -313 + 202310032323?
202310032010
In base 12, what is 2230a864 + -1?
2230a863
In base 14, what is -7101 - -57b?
-6964
In base 15, what is 2015 + 35eb?
5611
In base 15, what is 45d - 63ae6?
-63688
In base 8, what is 213 + -1020544?
-1020331
In base 8, what is -33262527 - 0?
-33262527
In base 14, what is 88d + -a7a?
-1cb
In base 10, what is -119111 + -76?
-119187
In base 10, what is 37377878 + -4?
37377874
In base 16, what is 9ecd94 - 43?
9ecd51
In base 13, what is c - -3925ab?
3925ba
In base 13, what is -18 - -63cb5?
63c9a
In base 6, what is -105 + -40115540?
-40120045
In